 1 + -5 + (7 - 4)
0
What is the value of 1 + 0 + 3 - (-5 + 11)?
-2
Calculate (0 - 8) + 33 + -21.
4
What is the value of -5 + -1 + 17 - 5 - 10?
-4
What is the value of 5 - (-3 - -4) - (7 - 0)?
-3
What is -15 + 2 - (-35 + 30)?
-8
Calculate 2 + 0 + 2 - (14 + -14).
4
Evaluate 0 + 6 + -1 + -11.
-6
(-4 - -3) + 0 + -12 + 17
4
-6 + (12 - (8 + (-1 - 3)))
2
Evaluate 31 - 17 - (27 - 3).
-10
What is the value of -5 + 10 + 2 + (1 - 0)?
8
What is -3 + (2 - (0 + 0))?
-1
What is -3 - ((-9 - 0) + 7)?
-1
What is the value of (33 + -29 - (0 + 6)) + 7?
5
(4 - 1) + -2 + 2
3
Calculate (0 - 2) + (2 - 2 - 5).
-7
Evaluate (-14 + -10 - -11) + 9.
-4
Evaluate (-3 - 0) + -3 + 1 + 0.
-5
3 + 0 + -2 + 4 + -7
-2
What is -17 + (2 - -6) + 16?
7
Evaluate 2 - (-4 + 2) - (-10 - -16).
-2
(2 - -1) + -2 + 7 - 3
5
What is -5 - (-4 - (6 - (-7 - -14)))?
-2
6 - ((-4 - -2) + 2 - -2)
4
What is the value of (-1 - 1) + (-6 - -6)?
-2
What is the value of -1 + (-11 - -1) + 114 + -110?
-7
What is 1 - (-7 - -4 - 2)?
6
-10 + 13 + 4 + -7
0
-4 - -3 - (0 + -3 + -5)
7
1 - (0 - -4) - (-2 + -3)
2
What is -14 - (-8 - (-14 - -17))?
-3
Evaluate (-183 - -186) + 1 + -2 + 1.
3
What is the value of 1 + (2 - 0 - -2)?
5
What is (1 - 1 - (-5 - -8)) + 3?
0
Calculate (102 - 92) + -2 + -4.
4
Evaluate 2 + (0 - ((0 - 8) + 4)).
6
Evaluate -3 - -2 - (0 + -1) - 5.
-5
16 + (-23 - -6) + 12
11
What is 3 + -2 + -5 - (-5 + 5)?
-4
What is the value of -2 + (2 - -3 - 3) + -4?
-4
Calculate -2 - 4 - (0 - 0) - -8.
2
What is the value of (0 - (3 + -7)) + -1?
3
Evaluate (-2 - (6 + (-3 - 3))) + 5.
3
Calculate 1 - (-8 + 17 - 14).
6
Calculate (-5 - -1) + 0 + 7 + -2.
1
Calculate -4 - (4 - 11) - 8.
-5
Calculate (-4 - 1) + 12 + -3.
4
Evaluate (0 - 2) + 9 + -11.
-4
6 - (7 + -13) - 6
6
Calculate 6 + (4 - 1) + 16 + -22.
3
What is the value of (-5 - -4 - 1) + 2 + -2?
-2
-3 + 3 + 6 - 7
-1
What is 7 - -1 - (-6 + 1 + 11)?
2
-4 + 8 + (4 - 13)
-5
Calculate 2 + -11 + 5 + 8.
4
1 + (4 - -1) + (-11 - -1)
-4
Evaluate (-3 + 0 - -4) + 1.
2
-1 + -1 - (-31 + 26)
3
What is -25 + 21 + 10 + 0 + -3?
3
Calculate 3 - (-3 - -10 - 2 - 11).
9
-5 + -1 - (15 + -23)
2
Calculate -9 + 14 - (15 - 4).
-6
Evaluate 25 - 26 - (0 - -4 - -2).
-7
-1 + 2 + -1 - (87 - 84)
-3
What is 4 + -6 + (11 - 7)?
2
Evaluate 5 + -4 - (-3 + 4 + -2).
2
-5 - -3 - (1 - (3 + 0))
0
Calculate (-11 - -1) + 34 + -27.
-3
Calculate 2 + 1 + -8 + 4.
-1
Calculate 1 + 0 + 0 + 26 + -31.
-4
-4 - (5 + (-6 - -9 - 16))
4
What is (-2 - (-4 + -2)) + 0 + -3?
1
What is the value of (-2 - -1) + (-6 - (5 + -10))?
-2
-2 + (-1 - 0) - -4
1
Evaluate (-2 + -5 - 3 - -7) + -2.
-5
Calculate 5 + (5 + -13 - 0).
-3
Calculate (7 - (13 + -4)) + (-1 - -5).
2
Evaluate 8 + -8 + 4 + -14.
-10
Calculate -1 + 3 + (10 - (0 + 2)).
10
What is (-4 + 6 - 3) + 9 + -15?
-7
What is -1 + 7 + 0 + (1 - 2)?
5
What is -6 + 2 + -2 + 0?
-6
What is -1 - (6 + (3 - 5))?
-5
What is the value of (2 - (11 - 4)) + 5?
0
Evaluate 21 + -4 + 13 + -25.
5
What is -11 + -4 - -2 - -9?
-4
Calculate 0 - (11 + 3 - (0 - -8)).
-6
Evaluate -10 + 4 + (0 - -2).
-4
Calculate -4 - (6 + -14) - 10.
-6
(0 - (-4 - 0)) + (26 - 27)
3
Evaluate 5 - (0 - -1) - (-80 + 84).
0
(-6 - (-2 + (1 - 1))) + 1
-3
(3 - -5) + -6 - 5
-3
Evaluate -3 - 1 - (-2 - (0 + -2)).
-4
(33 - 12) + (0 - 11)
10
What is the value of 7 + -19 + 8 + 8 + 0?
4
0 + 4 + (-8 - (2 + 0))
-6
-3 + 2 - (1 - (3 - -1))
2
What is -5 - (15 - 14 - (13 - -1))?
8
Evaluate (3 - 3) + 3 + -3.
0
-6 - (0 + (5 - 8))
-3
What is the value of -3 + (-7 - -6 - (-1 + -3))?
0
What is the value of 7 + -8 + 9 - (-2 - -6)?
4
What is 1 - -4 - 4 - -3?
4
Evaluate (-2 - 1) + 8 + (0 - 6).
-1
What is (17 - 15) + -1 + 2?
3
-1 + -5 - (-2 - (10 + -5))
1
What is the value of -7 - (3 - 4) - (-4 + 1)?
-3
Evaluate (-1 - (0 - 0)) + 4 + -6.
-3
(4 - (-2 + 5)) + 1 + 2
4
What is the value of (2 - -1 - 0) + 4 + -11?
-4
-6 - (-1 + 2 - 10)
3
What is the value of -7 + 7 - (-1 + 1)?
0
Calculate (2 - (0 - -8)) + 0 + 1.
-5
What is the value of 4 + 4 + (0 - (10 + -5))?
3
What is -12 + (-12 + 19 - 0)?
-5
Calculate (8 - (2 + 7)) + 5.
4
Evaluate (-22 - -24) + (-2 - -1) + 1.
2
What is (-5 - -2) + 2 + 2?
1
-2 - (-9 - (-5 + 1))
3
0 + 16 + 0 + -12
4
Calculate -1 + 1 + (13 - 12) - 2.
-1
Calculate 8 + -10 + (-3 - -3).
-2
What is the value of 13 - ((3 - 0) + -6 + 8)?
8
Evaluate 8 - (9 - 3) - 2.
0
-5 - (-2 + -5 + 3)
-1
What is the value of 6 + -6 - -3 - (7 - -1)?
-5
What is -1 + -2 - ((5 - 4) + -1)?
-3
7 + (-8 - -9) + -8
0
What is -12 + 9 + 0 + -2 + 4?
-1
Evaluate -3 - ((5 - 6) + -3).
1
-20 + 17 - (-1 - 0)
-2
3 - (-8 - -8) - 1 - 2
0
What is (21 - 23) + 0 + 2 + -9?
-9
-20 + 14 + 8 + 1
3
Evaluate 17 + -15 - (-1 - -1).
2
What is the value of -1 + -4 + (-5 - -7)?
-3
What is 1 + -1 + -1 + -3 + -1?
-5
0 + 2 + (11 + -7 - 5)
1
Calculate -5 - -1 - (-1 + -8 - -7).
-2
What is (-1 - -7) + (-12 - -3)?
-3
What is the value of 4 + (1 - (8 + 2))?
-5
Evaluate -8 + 8 + 9 - 4.
5
What is (8 - (10 + 7)) + 8?
-1
Calculate -1 - (-1 + (-11 - -6)).
5
-1 - 0 - (1 - 1 - -1)
-2
What is the value of 30 + -25 - (-2 - -9)?
-2
What is the value of -2 + 2 + 0 + -21 + 23?
2
Evaluate 21 + -22 + -1 + -1 - -2.
-1
What is the value of 4 - (13 + -7 + 2)?
-4
Calculate 18 - (1 - (9 - 16)).
10
Evaluate 0 - -6 - (24 + -17 + 6).
-7
Evaluate 2 + 0 - 0 - (-2 - -4).
0
Calculate 7 + -2 + 0 - 10.
-5
Evaluate -1 - -2 - ((4 - 1) + 2).
-4
What is the value of 4 + -19 + 5 - -6?
-4
What is (-10 - 10 - -9) + 7?
-4
What is 1 - 1 - 3 - (-121 - -119)?
-1
Calculate -4 + 5 + -7 + 5.
-1
Evaluate 4 + (-1 - (4 - 3)).
2
What is the value of 11 + -1 + (0 - 5)?
5
What is the value of 3 + (2 - 2) - 3?
0
What is the value of (-8 + 3 - (2 - 6)) + 3?
2
What is -5 + -2 - (-18 + 9)?
2
Calculate -1 - -1 - (-12 - (6 + -16)).
2
What is -5 - ((7 - 2) + -1)?
-9
What is -1 - ((-1 - 0) + (2 - 5))?
3
-3 - (-4 - -3 - (2 + -1))
-1
-26 - -27 - (0 - 0)
1
What is the value of -6 + (1 - -6 - 0)?
1
(2 - (9 + -5)) + -4
-6
(0 - 1) + (3 - 3 - -2)
1
What is the value of -4 + (4 - 0) - -3?
3
Evaluate -3 - ((15 - 7) + -14).
3
Evaluate -1 + -2 - (124 - 135).
8
(8 - 12 - (-4 - -1)) + 0
-1
What is -1 - (-4 - 2) - 5 - -3?
3
What is the value of 0 - ((7 - 8) + (2 - -1))?
-2
What is the value of 3 + 1 + 2 + -2?
4
Evaluate (-2 - (-2 + 2)) + 3.
1
Evaluate -4 + 6 + -2 + -4.
-4
What is the value of -8 + (6 + -1 + -6 - -6)?
-3
What is (5 - 10) + 12 + -2?
5
Calculate (6 - 1) + -9 - -3.
-1
Calculate 6 + 0 + (-8 - -5).
3
0 - 7 - (1 + -4 + 6)
-10
Calculate (-3 - (5 + -12)) + -9.
-5
What is -2 + 4 + (-4 - 0)?
-2
What is 0 - 6 - (-5 + 1)?
-2
Evaluate 6 + 2 + (-6 - -5).
7
What is the value of 16 + -27 + 1 + 5?
-5
Evaluate 0 + 10 + -19 + 14.
5
What is the value of (-1 - -2) + (-6 - -2) - -2?
-1
What is the value of 1 - 5 - (-8 - -9)?
-5
0 - (1 + -4 - -8)
-5
Evaluate 16 + -21 - (1 + -4).
-2
What is the value of -3 + 3 + 0 + -4?
-4
Calculate 1 + -2 - (35 - 32).
-4
What is 139 + -124 + (1 - 12)?
4
What is the value of -6 + -1 + (17 - 14)?
-4
Calculate 0 - (3 + (1 - 4)).
0
0 - (-4 + (-2 - -3)) - 6
-3
What is the value of -8 + (19 - (8 - 1))?
4
What is 6 + -2 + 0 + -23 + 21?
2
What is 10 - (-4 - -9) - 1?
4
Evaluate 0 + 5 - (0 - (-1 - 8)).
-4
What is 3 + -1 - ((2 - 1) + 3)?
-2
What is -1 + (-3 - -1) - (-25 + 27)?
-5
What is 14 + -7 - (-1 + 6)?
2
What is 4 + 0 + 1 + (-7 - -2)?
0
Evaluate (4 + 4 - 0) + -4.
4
What is the value of -8 + 8 + 5 - 5?
0
3 + -2 + (19 - 23)
-3
Calculate -5 + -1 + -5 - -10.
-1
Calculate (1 + 0 - 1) + 0 + 1.
1
12 + -17 - (-3 + 2 - 6)
2
Evaluate -2 - ((11 - 4) + -4).
-5
What is -4 - (-7 + (6 - (-4 - -7)))?
0
Evaluate (4 - -2) + (7 - 12).
1
3 + -7 + 6 + -3
-1
Calculate (-4 - -4) + 4 - -5.
9
Calculate -11 + 3 + 1 + 10 - 7.
-4
What is 0 - (-3 + -10) - (39 + -31)?
5
-3 + -6 + 5 + (4 - 3)
-3
What is the value of -9 + 15 + (8 - 5)?
9
Evaluate -2 + (10 - 2) + (-19 - -4).
-9
-2 + -5 + (6 - -1)
0
What is the value of (4 - 1) + 21 + -22?
2
Evaluate -3 - (4 - 1 - (-8 - -17)).
3
3 + (-9 - -4) + -2
-4
(-16 - -11) + (-4 - (-4 - -2))
-7
What is -3 + 4 - (-7 - (5 - 9))?
4
What is the value of -4 - (5 + (-14 - -6)) - 4?
-5
Calculate -2 - -6 - (0 - -4).
0
What is the value of (-10 - -12) + (2 - 8)?
-4
0 - ((-10 - -8) + 5 + -1)
-2
(10 - 1) + (-85 - -82)
6
Calculate -16 - (0 - 5) - -6 - -3.
-2
5 + (-10 - -3) - 1
-3
What is the value of -3 - (4 + (-10 - -3))?
0
Calculate -20 + -2 + 15 + (-1 - -8)